t = 1265 - -92. Calculate the remainder when t is divided by 16.
13
Let q(s) = -s**3 - 8*s**2 + 34*s + 23. Calculate the remainder when 55 is divided by q(-11).
7
Suppose 20*p = 5*p + 255. Suppose -4*i + 16 = -2*q, -2*q = 4*i - i - 26. Calculate the remainder when p is divided by i.
5
Let h be -5 + 6 + 3 + -1. Suppose -5*t + 507 = -4*j, t + j + 204 = h*t. What is the remainder when t is divided by 26?
25
Suppose -2*c = -w - 87, -c - 2*w + 113 = 2*c. What is the remainder when 110 is divided by c?
28
Suppose -3*s = -4*s + 9. What is the remainder when s is divided by (4 - 2)/(6/15)?
4
Suppose 0 = -3*n + n + 5778. What is the remainder when 4/5 - n/(-45) is divided by 33?
32
Let z(t) = 2*t**2 + 38*t + 2. What is the remainder when 2076/10 - (-6)/15 is divided by z(-20)?
40
Suppose -w = 4*d - 69, 5*d - 27 - 63 = -2*w. Let b = -218 - -533. Suppose -6*z - b = -11*z. What is the remainder when z is divided by d?
15
Suppose 490*g - 70 = 480*g. What is the remainder when 16 is divided by g?
2
Suppose 34*u - 30*u = 48. Suppose -5*l - 2 = -u. Suppose -z + 5*k - k = 0, 0 = 3*k - 6. Calculate the remainder when z is divided by l.
0
Suppose 2*s + 23 - 93 = 0. Suppose 177 = -32*u + s*u. What is the remainder when 231 is divided by u?
54
Suppose 2*h - 12 = -m, -4*h = -m + 107 - 71. What is the remainder when 79 is divided by m?
19
Suppose -9*i + 16*i = 77. Suppose 5*c - 4 = 11. Suppose -c*w = -i - 7. What is the remainder when 11 is divided by w?
5
Let t be 12/(-4) + (-20 - 1). Let x be (t/36)/(4/(-30)). Suppose 2*d = -3*r + 31, 0*d + x*r = 2*d - 39. What is the remainder when 67 is divided by d?
16
Suppose -k - 17*p + 145 = -15*p, k - 130 = p. What is the remainder when k is divided by 116?
19
Suppose -l = k - 13, -2*l - 23 = 5*k - 94. Suppose 0 = -3*c + 2*r + r - 9, 3*c - k = -3*r. What is the remainder when 3 is divided by ((-18)/27)/(c/(-3))?
1
Let r(u) = 4*u**2 + 3*u + 2. Let v(g) = -8*g**2 - 6*g - 4. Let b(q) = -7*r(q) - 4*v(q). What is the remainder when 5 is divided by b(-1)?
2
Suppose 4*u = -4*a + 64, -13*u + 11*u = -2*a + 24. Calculate the remainder when 359 is divided by a.
9
Let j be (-1)/(-1) + (-3)/(3/(-398)). What is the remainder when 14 is divided by j/45 + (-4)/(-30)?
5
Let c be 15 + 0/(-2 - -7). Suppose -5*d = -c, 17 + 0 = 4*o - 5*d. What is the remainder when 7*-1*(-4 - -1) is divided by o?
5
Suppose 0 = 5*t - i - 36 - 17, -4*t - 3*i + 50 = 0. Let r(l) = -2*l**2 + 32*l - 8. What is the remainder when r(t) is divided by 21?
18
Let i = -8 - -64. Let b = 59 - i. What is the remainder when 7 is divided by b?
1
Let t = 223 - 205. Calculate the remainder when 31 is divided by t.
13
Let w be (30/8)/(18/48). Suppose 38 = y + 5*n, -5*n - 20 + 172 = 4*y. What is the remainder when y is divided by ((-26)/(-4))/(5/w)?
12
Let z = 96 + -79. Suppose 0 = 2*d + 4*p - 90, -d + 2*d - 45 = -3*p. Calculate the remainder when d is divided by z.
11
What is the remainder when 32 is divided by 31 + -14 + (-8)/(20/(-5))?
13
Suppose -h - g + 24 = 3*h, 0 = -2*h - 5*g + 12. Let n = 9 + h. What is the remainder when (2 + 0)/((-4)/(-58)) is divided by n?
14
Suppose 24*y + 22 = 26*y. Calculate the remainder when 29 is divided by y.
7
Let a(b) = -b**2 - 57*b - 60. Let g be a(-30). Let u be (6/(-4))/((-3)/36). Calculate the remainder when 82 is divided by g/27 + 4/u.
26
Let g(q) = -q**3 + 16*q**2 - 28*q + 2. Let n be -12*(-1 - (-2)/1). Let p = -8 - n. Calculate the remainder when p is divided by g(14).
0
Suppose 0 = -0*j + 2*j - 2. Let t = -17 + 24. Let v = t - j. Calculate the remainder when 23 is divided by v.
5
Let w(n) = n**2 - 11*n + 28. Let y be (-210)/72*-3 + 2/8. Let q(u) = 2*u**2 - 2*u - 5. Calculate the remainder when q(4) is divided by w(y).
9
Let n(w) = 28*w**2 - w. Let m be n(1). Suppose -l - m - 36 = 0. Let g = l + 113. Calculate the remainder when g is divided by 17.
16
Let j be 199/3 + 4/(-12). Suppose -j = -3*h + h. What is the remainder when 64 is divided by h?
31
Suppose 3*z + 30 = 5*s - 52, 4*z + 13 = s. Calculate the remainder when 72 is divided by s.
4
Suppose 7*c - 5*u - 455 = 6*c, 4*c - 1820 = -4*u. Calculate the remainder when c is divided by 118.
101
Suppose 3*v - 16 = 4*w, 2*w - 6 = -4*v - 14. Let c(p) = -12*p - 43. What is the remainder when 39 is divided by c(w)?
4
Let s be 0 + (65 - 2) + 1. Let z = -51 + s. Calculate the remainder when 87 is divided by z.
9
Let l(j) = -6*j - 11. Let t(y) = 7*y + 11. Let g(o) = 3*l(o) + 2*t(o). What is the remainder when 24 is divided by g(-5)?
6
Let f be (3/(-2))/((-266)/136 - -2). Let v = 75 + f. Calculate the remainder when v is divided by 22.
19
Let v = -30 + 26. Let k be 10/(1 - 7 - v). Calculate the remainder when -13 + 17 - 3*k is divided by 11.
8
Let x be 6/24 - (-22)/8. Suppose 0*u + 6 = x*u. Suppose -2*m = -10, 0*m - 103 = -u*f - 5*m. Calculate the remainder when f is divided by 21.
18
Let x = 15 - 9. Suppose -10 + 2 = -2*o. Suppose -4*k - 6*l + 4*l = -130, -5*l - 137 = -o*k. Calculate the remainder when k is divided by x.
3
Let n = 14 - 1. Suppose -f + 4*t + n = -1, f - 8 = 2*t. What is the remainder when f/8 + (-11)/(-4) is divided by 2?
1
Suppose 144*x + 91 = 151*x. Calculate the remainder when 36 is divided by x.
10
Suppose -34 + 34 = 2*n. Suppose -4*h - 8*h + 384 = n. Calculate the remainder when 52 is divided by h.
20
What is the remainder when 5 + 98 - (-1 - 0) is divided by 36?
32
Let z be (-2 + -12)/((16/(-10))/4). Suppose 3*i = -2*i + z. What is the remainder when 20 is divided by i?
6
Let d(u) = -u**3 + 9*u**2 - 17*u - 6. Let y be d(6). Suppose y = -2*p - 3*t + 265, -2*t + 6*t = -p + 130. Calculate the remainder when p is divided by 45.
44
Let u = -19 + 22. Suppose -u*k = -0*k. Suppose k*y - 4*y = -x - 53, -5*y + 3*x = -75. What is the remainder when y is divided by 7?
5
Calculate the remainder when (-30592)/(-68) + (-2)/(-17) is divided by 117.
99
Suppose 21*v - 38 = 19*v - i, -2*v + 2*i + 26 = 0. What is the remainder when v is divided by 12?
5
Suppose 5*o + 54 = -4*o. Let g(l) = 2*l**2 + 4*l + 1. Calculate the remainder when g(-7) is divided by (2 - (-8)/o) + (-1696)/(-48).
35
Let o = -704 + 1089. What is the remainder when o is divided by 79?
69
Let y(g) be the second derivative of 1/2*g**4 + 0 + g**2 + 4*g + 1/20*g**5 - 5/6*g**3. What is the remainder when y(-6) is divided by 11?
10
Calculate the remainder when 503 is divided by (((-2)/(-3))/(-2))/(3/(-252)).
27
Let c(g) = 5*g - 21. Let n(s) = 2*s - 10. Let v(h) = -4*c(h) + 9*n(h). What is the remainder when 6 is divided by v(-5)?
2
Suppose 5*n - 4*x - 195 = 0, 0 = 7*n - 3*n - 3*x - 156. Calculate the remainder when n is divided by 22.
17
Let o = 631 + -370. Suppose 8*p = -p + o. Calculate the remainder when 56 is divided by p.
27
Let a(j) = 278*j**2 - 2*j + 3. Calculate the remainder when a(1) is divided by 7.
6
Suppose -2 = -i - 2*y, -i - y + 1 = 2*i. Suppose 0*u - u = i. What is the remainder when 95 is divided by 2*(2 + u + 6)?
15
Suppose -4*p = 5*m + 28, 0 = 2*m + m + 3*p + 18. Let z = -86 - -144. Calculate the remainder when z is divided by (m - -1)/((-3)/15).
13
Let k be 4*3/(-24)*6. Let m be ((-16)/(-6))/(k/(-36)). Suppose 4*z - 56 = m. Calculate the remainder when z is divided by 8.
6
Calculate the remainder when 60/(-4 + 16)*(-172)/(-10) is divided by 11.
9
Let z = -31 + 52. Suppose -5*x + 2 - z = -h, x = -5*h + 173. Calculate the remainder when 168 is divided by h.
32
Let m(p) = 6*p + 673. What is the remainder when m(-29) is divided by 100?
99
Let a be (-84)/(-24) - (-2)/(-4). Suppose 0 = -a*f - 2*f + 140. What is the remainder when f is divided by 10?
8
Suppose 0 = -4*x + u + 22, u = 5*u + 8. Let k = -11 + 87. Suppose -k - 14 = -5*f. Calculate the remainder when f is divided by x.
3
Suppose -7*s - 220 = -11*s. Let r = s + -33. What is the remainder when 78 is divided by r?
12
Let p(o) = 22*o + 796. What is the remainder when 140 is divided by p(-35)?
10
Let t(f) = 7*f**2 + f - 2. Suppose -z - 2*b - 4 = -5*z, 2*z - 4*b = 2. What is the remainder when 21 is divided by t(z)?
3
Let b = 3 + 9. Suppose -2*t + 16 = i - 9, 5*t - 3*i - 68 = 0. Suppose h - t = -y, 2*y - 3*h + 2 - 3 = 0. What is the remainder when b is divided by y?
4
Calculate the remainder when -5*30/75 - 1*-217 is divided by 9.
8
Let j(d) = -d**3 - 14*d**2 -